11*z + 4. Is l(h) a composite number?
True
Suppose -4 = 4*b, 0*b + 3 = p + 2*b. Suppose 20 = 4*x + 4*z, 0 = 4*x - 6*x + 3*z + p. Suppose 0 = 7*a + x*a - 2387. Is a composite?
True
Let k(f) = -2*f**3 + 2*f**2 + 69*f + 278. Is k(-39) a composite number?
False
Suppose -7 = 9*d - 43. Suppose -d*w + 0*w + 4924 = 0. Suppose 5*o - 3*s = -2*s + 2069, w = 3*o + 2*s. Is o composite?
True
Let t(z) = z**2 + 11*z + 16. Let k be t(-10). Suppose k*j = -160 + 412. Suppose -2*w + 609 = 3*s, 953 = 3*w + 2*s + j. Is w composite?
True
Suppose -163*r = -159*r - 44. Let h(a) = -2*a**3 + a + 2. Let u be h(-2). Suppose r*y - u*y = -1895. Is y a composite number?
False
Suppose -27559945 = -1270*j + 1235*j. Is j a composite number?
False
Let d(o) = -2*o**2 + 17*o + 32. Let g be d(10). Suppose -7*w = -5*w - 10, -2*c + 4812 = -g*w. Is c prime?
True
Suppose -14*t = -11*t - 1053. Let i = t - -1858. Suppose 0 = -2*p + i - 627. Is p a composite number?
True
Let i(j) = 43*j - 102*j**2 + 47 + 287*j**2 + 32 - 25*j - 33*j. Is i(6) composite?
True
Let d be (-29 - -15)*(-1)/2. Suppose -d*z + 12854 = -2007. Is z prime?
False
Suppose 39*f = -40*f + 65*f + 2325386. Is f prime?
True
Let v = -86668 - -320865. Is v composite?
False
Let z(x) = -x + 52*x**3 + 130*x**3 - 2*x**2 - 2 + 1 - 112*x**3. Let a be z(2). Let f = -78 + a. Is f prime?
False
Let y(i) = -2*i**2 - 34*i + 2. Let u be y(-17). Suppose 3*h + 3*x = 2172, u*h - 622 = 4*x + 844. Is h prime?
True
Suppose 5*i - 1163435 = 5*v, v - 5*v = -7*i + 1628791. Is i prime?
True
Let g(q) = -16*q + 167. Let s be g(9). Suppose -s*m + 760 = -2253. Is m prime?
True
Suppose -v - 3 - 3 = -5*x, -3*x = 3*v + 18. Let b(o) = 4*o + 64. Let u be b(v). Suppose -u*d = -35*d - 5045. Is d composite?
False
Let l(i) = 74*i**2 - 30*i**2 + 85*i + 6 - 40*i**2. Is l(-29) a composite number?
True
Suppose 2787232 = 4*g - 38*f + 42*f, -1 = f. Is g a composite number?
False
Suppose 0 = -9*j - 0*j + 36. Suppose 0 = -5*k - j*n + 33669, -n - 33662 = -5*k + 2*n. Is k a prime number?
True
Suppose -v = -11 + 14. Let k be ((-5 - 31) + -6)/(v + 1). Is 2637/12*56/k composite?
True
Let n = -505 - -781. Suppose -6*m = -366 - n. Suppose -4*u - m = -2455. Is u composite?
False
Let g(v) = -v**2 - 3*v - 6. Let b be g(-2). Let r be (326/b)/((-4)/568). Suppose 8*m - r = 12707. Is m a prime number?
False
Suppose 2*v - 5*f + 16 = 0, 0*f + 4*f = 16. Suppose 43 = v*r + 59. Let i(g) = -6*g**3 + 3*g**2 + 4*g + 7. Is i(r) a prime number?
False
Suppose 0 = 5*h + 3*b + 28, -3*h = 3*b + 15 - 3. Is 4*(-5 - 428/h) a prime number?
False
Suppose -147 = 4*y + g - 6*g, g = 4*y + 135. Let f = y - -28. Let w(m) = -13*m**3 - 6*m**2 + 10*m + 16. Is w(f) a composite number?
True
Let o(n) = 5*n**3 - 3*n**2 - n - 18. Let w be o(8). Suppose j = 5*z - 7802, j = 4*z - 3899 - w. Is z a composite number?
True
Is (-842390)/(-12) - (-1*3 - 950/(-300)) a composite number?
False
Suppose x + x = 5*i - 5049, 3036 = 3*i + x. Suppose 17*n = 20*n - i. Is n a prime number?
True
Suppose 4*d + 8 = 0, -d + 5912 = 3*k - 1454. Let o = k - -1321. Suppose h - o = -5*m - 2*h, 12 = 3*h. Is m composite?
True
Suppose -5*k + 3*x = -2945, -2*k = -2*x + 306 - 1480. Is (1*(-33)/6)/((-8)/k) composite?
True
Let s(a) be the third derivative of 145*a**4/12 + 17*a**3/6 - 39*a**2. Is s(1) composite?
False
Let c(n) = -n**3 + 178*n**2 + 47*n + 1118. Is c(95) composite?
True
Let d be 1/2*(299*-11 - -1). Let b = 3155 + d. Is b a composite number?
False
Let t be (11 - (9 + 2))/(-1*3). Suppose t*w + 67266 = 18*w. Is w a prime number?
False
Is (106136/(-6))/(48/(-72)) prime?
False
Let t = -399 - -401. Suppose -3*p = -5*w + 659 + 141, -t*w + 339 = -5*p. Is w prime?
True
Let x(o) = 2*o**2 - 29*o + 14. Let l be x(14). Suppose -f - 2*r - 730 = 400, l = 2*f + 3*r + 2261. Let m = f - -1961. Is m prime?
True
Let v(o) = -32*o**2 + 12*o - 1. Let c be ((-2)/(-8))/(5/100). Let g be v(c). Let h = -242 - g. Is h composite?
False
Suppose -2*a + 3 = -i - 8, 3*a - 3*i = 15. Suppose 0 = 4*r - a + 2. Is r/3*(-6252)/(-4) a prime number?
True
Let s = -46 - -81. Let x = -37 + s. Is 861 + (-1 - x) + 0 a composite number?
True
Let i = -268412 + 449891. Is i a prime number?
False
Suppose -b + 0 = -9. Let u be 12/b*-1*15/2. Is (5/u*2)/((-2)/2710) a prime number?
False
Let z(c) = -c**3 + 25*c**2 - 25*c + 36. Let w be z(24). Suppose w*o = 2*o + 96130. Is o a prime number?
True
Let d be (0 - (6 - 2))*(-3 + 2). Suppose -11462 = -5*m + 4*s + 51915, -4*s = d*m - 50716. Is m a prime number?
False
Suppose -70 = -3*r + 2177. Suppose l = o - l - r, -5*l = 4*o - 2970. Let p = o - 486. Is p composite?
True
Let h be 1*(0/2)/4. Let f = 0 - h. Suppose 286 = -f*n + 2*n. Is n a composite number?
True
Suppose -5*r = 0, -10*r + 5*r - 970 = -2*b. Let f = b + 8792. Is f composite?
False
Let x = -354 - -346. Is (-41164)/x - (30/(-12) - -1) prime?
True
Let z = -27 + 26. Let d be 6*(20/(-12))/z - 1. Suppose -d*f = -11*f + 3178. Is f prime?
False
Suppose 9 - 7 = -5*x + y, y = -4*x + 2. Suppose -22*d + 23*d + 3*r = 9859, x = 2*d + 4*r - 19726. Is d composite?
False
Suppose 5*o + 0 = 5. Let r(b) = 4*b + 3. Let f be r(o). Suppose 1927 + 5136 = f*s. Is s a composite number?
False
Suppose -70 = -15*q + q. Is 2/4*(-11996)/(-10)*q a composite number?
False
Let y = -107 - -112. Suppose 15221 = y*v + 3966. Is v prime?
True
Suppose 5*m = -l + 4*l + 402, -3*m = 2*l - 245. Let w = 610 - m. Is w a prime number?
False
Suppose 0 = -7*c + 2*s + 21743, -4*c + 11*s + 12431 = 12*s. Is c a prime number?
False
Let q = -437935 + 918113. Is q composite?
True
Suppose 0 = 33*m - 45*m + 82*m - 4200910. Is m a prime number?
True
Suppose -9 = -2*a + 21. Suppose 386 - 9740 = -3*c + 2*h, -h = 3*c - 9354. Suppose -a*d = -17*d + c. Is d composite?
False
Suppose 16*o - 19964 = -12*o. Suppose 0 = -5*n + 3768 - o. Is n a composite number?
True
Let z(l) = 1668*l + 1183. Is z(28) composite?
True
Is -1 + -17 + 17 - -45146 prime?
False
Let x be ((-104)/(-572) - (-128)/22) + -2. Suppose x*l - p - 83574 = 0, -7*l + 5*p = -11*l + 83562. Is l composite?
True
Let s = -196795 - -355356. Suppose 0 = 2*o + 11*o - s. Is o a prime number?
True
Let i(j) = 84*j**2 + 10*j - 213. Is i(17) a prime number?
False
Is (1219914177/1432)/(6/16) prime?
True
Let f = 331 - 181. Is ((-61564)/(-6))/(5/(f/20)) composite?
False
Let u be ((-1)/(-2))/((-8)/(-80)). Let l(f) = -44*f**2 - 8 - 4*f + 61*f**2 + 0*f. Is l(u) a prime number?
True
Suppose -20*t = 3*t + 157803. Let b = -2026 - t. Is b a prime number?
False
Let x = 920 + -2903. Let a = 6982 + x. Is a composite?
False
Suppose t = -2*z + 6, -4*z - 58 = t - 4*t. Let w(d) = 11 + t + 165*d - 47*d. Is w(9) a composite number?
False
Suppose -5*a - 20023 = -4*m + 29998, -m - 2*a + 12489 = 0. Is m a composite number?
True
Let b be (-105)/(-25) - (-7)/(-35). Suppose 2*d = -b*x - 3*d + 11093, -x = -5*d - 2742. Is x composite?
False
Let n be 12 - -1 - (7 + -19 - -17). Let l(i) be the second derivative of 83*i**3/6 + 13*i**2/2 + 2*i. Is l(n) prime?
True
Suppose 0 = -7*v - 259 + 105. Let c(s) = s**3 + 29*s**2 + 61*s + 1. Is c(v) a prime number?
False
Let o = -1402 - -1410. Let u(j) = 0*j - 3*j**2 + 5*j - 6*j**2 + 2*j**3 - 3. Is u(o) a prime number?
False
Suppose -2*l + 2*l = -6*l. Suppose l = -2*d + 5929 + 1925. Let s = -472 + d. Is s composite?
True
Suppose -5880 = 20*c + 2000. Let k = 4329 + c. Is k a composite number?
True
Suppose 0 = -4*j - 5*h + 4738871, -92*j + 10*h = -90*j - 2369448. Is j prime?
False
Let t(f) = -f**3 - 25*f**2 - 38*f - 60. Let l be t(-25). Let c = -249 + l. Is c prime?
True
Suppose 186*b - 7531293 = -45*b. Is b a composite number?
False
Let w = 289 - 282. Suppose 933 = w*n - 28208. Is n a composite number?
True
Let x(n) = -n**2 - 39*n - 25. Suppose -13 - 9 = -2*y - v, -2*v = -3*y + 40. Suppose 0 = y*k + 64 + 152. Is x(k) a prime number?
True
Let h(t) be the second derivative of -3/2*t**2 + 7*t + 70/3*t**3 + 0. Is h(7) a prime number?
True
Let v(y) = -196*y**3 - 5*y**2 - 21*y - 13. Let k be v(-9). Suppose 3*d + 40574 = k. Is d prime?
False
Let v be (-21699)/(-54) + 1/6. Let q = 3475 + v. Is q composite?
False
Is (-42791 + (-4)/(-1))/(50 - 51) a composite number?
False
Let a = 230 + -148. Suppose -5541 = -a*x + 79*x. Is x a composite number?
False
Let l = 32 - 16. Let s(b) be the second deriva